 of 72 and a.
36
Suppose -173444 + 10928 = -110*a + 17664. What is the greatest common factor of 2574 and a?
234
Suppose w = -4, -7*w - 18 = -3*p - 4*w. Suppose 5*z - 2*r + 22 = z, -41 = p*z + 5*r. Let t be (22/z)/(5/(-100)). Calculate the highest common factor of t and 5.
5
Suppose -b + 1735 = 2*a, -14*b + a - 6947 = -18*b. What is the greatest common divisor of 9 and b?
9
Suppose 3*y + 5*l - 12 - 1 = 0, -3*y + 3*l = 3. Let r be (-9)/((-18)/8) + (y - 0). What is the greatest common factor of 15 and r?
5
Let u = -62235 + 62247. Let q = 16 + -7. Calculate the greatest common divisor of q and u.
3
Let u be ((-3)/4)/(2/(-40)). Let n = -230176 + 230251. What is the highest common divisor of n and u?
15
Let l = -5179 + 5277. Let y be (50 - 1)/(2 - 4 - -3). What is the greatest common divisor of y and l?
49
Suppose -40 = z - 3*z. Suppose 0 = 7*f - 4*p - 194, -f + 6*f - 4*p = 134. What is the highest common divisor of f and z?
10
Let w(q) = q - 1. Let u be w(10). Let n(a) = 10*a - 87. Let f be n(u). What is the highest common divisor of 4 and f?
1
Let y(z) = -33*z + 2 - 30*z + 20*z. Let d = 6666 - 6667. Let b be y(d). What is the greatest common divisor of b and 90?
45
Let r = 1 + 1. Suppose 10 + 0 = -r*s + 5*n, 5*s - 4*n = -8. Suppose 2*u = v + 23, 2*v + s - 2 = 0. What is the greatest common divisor of 132 and u?
12
Let b(z) = 3. Let t(s) = 11*s + 31. Let m(y) = 22*b(y) - 2*t(y). Let x be m(-1). Calculate the greatest common factor of x and 6.
2
Let w = 2153 - 2117. Let l = -41 + 95. Suppose -s + l = 5*s. Calculate the highest common divisor of w and s.
9
Suppose 510 = -4*r - 4*r + 2478. Calculate the highest common divisor of r and 42.
6
Let w be (1 + 2)*-1 - -6. Suppose 2*y - 670 = -x - x, -4*y + w*x = -1305. Let c be (-4 - -6)*2 - -26. Calculate the greatest common factor of c and y.
30
Let z be (765/(-170))/(2/4) - -63. Calculate the greatest common divisor of 9468 and z.
18
Suppose 6*s + 4*s = -25300. Let h be s/(-40) + 3/(-12). What is the highest common divisor of 567 and h?
63
Suppose 3*u - 26 = 4*z, u = 5*u + 2*z - 64. Let o be (0 + -1)*(0 + (-42)/6). Calculate the highest common factor of o and u.
7
Let t = -48 - -55. Suppose t*c = u + 9*c - 16, -5*c = -u - 12. Let w be 2/(2/7) + (8 - u). What is the highest common divisor of 7 and w?
7
Let p(h) be the second derivative of 5*h**3/3 + 8*h**2 + 112*h. Let k be p(14). What is the greatest common divisor of 208 and k?
52
Let q be 2/6 + 592/6. Suppose -118 = 2*m - 5*d, -40*m + 42*m = d - 134. Let c = q + m. What is the greatest common divisor of c and 12?
6
Suppose 436*g = -20*g + 5928. Suppose -t + 2*t = 2*y - 52, -t = 5*y - 130. What is the highest common factor of g and y?
13
Let v(k) = 9*k - 48. Suppose 3*r - 2*p - 14 = 10, 4*r - 21 = -p. Let w be v(r). Suppose -2*q + 0 + w = 0. Calculate the greatest common divisor of q and 3.
3
Suppose -15*n = 3*n - 72. Let i be 9/n*32*2. Calculate the highest common factor of 36 and i.
36
Let w = -986 - -1186. Let x = 104 - 54. What is the highest common factor of x and w?
50
Suppose 0 = v - 5*i - 3421, 5*v - i - 7230 = 10019. Calculate the greatest common factor of 119 and v.
119
Suppose 14*n + 2448 = 150*n. Calculate the highest common divisor of n and 2358.
18
Let g = 15496 - 9707. What is the highest common factor of 7 and g?
7
Let g(l) = 5*l**3 - 122*l**2 - 76*l + 53. Let v be g(25). Calculate the highest common factor of 2170 and v.
14
Let o be (-56)/(-32) - (-13)/52. Calculate the greatest common divisor of o and 37.
1
Suppose 2*v - 50 = -v - n, 4*v - 85 = -5*n. Suppose -206 + 5666 = v*z. What is the highest common factor of z and 56?
28
Let x = -462 + 1140. Let a = x + -390. Calculate the highest common factor of a and 32.
32
Suppose 3*q = 7*q - 24. Let k(r) = -2*r**2 - 62*r - 30. Suppose -300 = 3*y + 7*y. Let t be k(y). What is the highest common factor of t and q?
6
Let m be (3 - 1)*((-546)/(-4))/(-3). Let i = 93 + m. What is the highest common divisor of i and 10?
2
Let u(g) = g. Let d(c) = 9*c + 35. Let v(o) = -d(o) + 5*u(o). Let w be v(-11). Suppose 0 = -w*j + 177 + 453. Calculate the highest common divisor of j and 10.
10
Suppose 0 = -2*n, -51*n - 77 = -q - 49*n. What is the greatest common divisor of q and 8239?
77
Let z = -145 + 464. Suppose 2*p - 2145 = -5*l + z, -l = 5*p - 479. Calculate the greatest common factor of l and 26.
26
Suppose 5208*d + 9328 = 5230*d. What is the greatest common divisor of d and 10388?
212
Suppose 3*j - 5*j + 4*j + 52 = g, -40 = -4*j. Let a be 94/4 + 1/2. Calculate the greatest common divisor of g and a.
24
Suppose -7*k - 12*o + 17*o + 852 = 0, o - 384 = -3*k. Let r be ((-12)/(-15))/(1/35). What is the highest common factor of r and k?
14
Suppose 3*a - 15 = 0, p - 1594 = 5*a + 617. Calculate the greatest common factor of 39 and p.
13
Let a be 18 + -16 + 7 - -81. Calculate the greatest common divisor of a and 1098.
18
Suppose -909 = -84*t + 75*t. Suppose -t*z + 107*z - 1326 = 0. What is the highest common divisor of 34 and z?
17
Let u(b) = 54*b**3 - b**2 - b. Let s = 279 + -277. Let l be u(s). Calculate the greatest common factor of l and 12.
6
Let z be 6/8 + -6 + (-475)/(-76). Suppose -x = -j + 4, x = -3*j + 3*x + 9. What is the greatest common factor of z and j?
1
Let b = 1616 - 1463. What is the greatest common divisor of 323 and b?
17
Let c be 18/(-42)*-119 - 15. Calculate the greatest common factor of c and 7356.
12
Let c be -6 - 288/(-45) - (-4344)/(-10). Let v = c + 442. What is the greatest common factor of 184 and v?
8
Let u(c) = -16*c**2 - 7*c + 21. Let a be u(3). Let d = a + 180. What is the greatest common factor of 300 and d?
12
Suppose -3*z = 4*k - 58, 4*z - 419*k = -414*k + 98. What is the highest common factor of 66 and z?
22
Let f be -23 + 27 - (-14)/1. Calculate the highest common factor of f and 1674.
18
Let x be 4 + 1 - (-690)/75*15. Let p(a) = 64*a**2 + 2*a - 1. Let v be p(1). Calculate the greatest common factor of x and v.
13
Suppose -1990 = -8*y + 794. Let k = y - 224. Calculate the greatest common divisor of k and 4.
4
Suppose 0 = -j + 4*j - 105. Let q(x) = 8*x + 63. Let n = 32 + -39. Let s be q(n). Calculate the greatest common factor of s and j.
7
Suppose 133*w + 24895 = 91395. What is the highest common divisor of w and 2300?
100
Let p(o) = -129*o - 2. Let d be p(-2). Let c(b) = -139*b + 6132. Let a be c(44). What is the greatest common factor of a and d?
16
Let f be 4*1/6*135. Let j(s) = 32*s + 164. Let l be j(-4). What is the highest common divisor of f and l?
18
Let u(c) = c**3 + 4*c**2 - 6*c - 4. Let q = 33 + -38. Let k be u(q). Suppose 0 = 2*v + 108 - 130. What is the greatest common divisor of k and v?
1
Let z be (-23 - -40)/((3 + -2)/54). Let l = 964 - z. What is the highest common divisor of 10 and l?
2
Let c be 2/2*(29 + 3). Suppose 5*g = -l + 203, -3*g = -9*l + 5*l + 835. What is the highest common factor of l and c?
16
Let z be (-5 + 1 + 7)*12. Let n = 26 - 38. Let q be 1/(-6) + (-110)/n. What is the greatest common divisor of q and z?
9
Suppose -61*o + 3784 = 25*o. Calculate the highest common factor of o and 2926.
22
Let n(m) = m**2 - 74*m + 365. Let d be n(5). Calculate the highest common divisor of d and 724.
4
Let l(q) = 672*q - 1293. Let t be l(5). What is the highest common divisor of 5406 and t?
159
Let q = -76 + 76. Let a be -1*(-1 - 2/2) - q. Let f be (a - -56)*2 - (-1 - 2). Calculate the highest common factor of 17 and f.
17
Let v(y) be the second derivative of y**5/10 - 7*y**4/12 + 2*y**3/3 + 10*y. Let x be v(4). Let r = 322 - 318. What is the highest common divisor of r and x?
4
Let v be (-9)/(54/(-35004)) + 8. Suppose -13*o - 317 = -v. Calculate the highest common factor of o and 68.
17
Suppose 10*m - 13*m = -3*s + 189, 783 = 12*s - 3*m. What is the greatest common divisor of 2343 and s?
33
Suppose 11*z - s + 6650 = 16*z, 3990 = 3*z - 3*s. Calculate the greatest common factor of z and 70.
70
Suppose y = 11*q - 194 + 19, q - 3*y - 13 = 0. What is the highest common divisor of 6 and q?
2
Suppose -3*t + 4 = -4*y + 54, 4*t = y - 6. Suppose -76 = 10*w - y*w. Let n = 107 + -50. Calculate the highest common divisor of n and w.
19
Let d be 78/(-897) + 18028/(-46). Let k = d - -792. Calculate the highest common factor of k and 25.
25
Let f be (1 - 3)*3283/(-67).